{"id":7,"date":"2026-01-21T17:15:05","date_gmt":"2026-01-21T17:15:05","guid":{"rendered":"https:\/\/savondatakeskus.fi\/?page_id=7"},"modified":"2026-01-22T16:22:24","modified_gmt":"2026-01-22T16:22:24","slug":"palvelut","status":"publish","type":"page","link":"https:\/\/savondatakeskus.fi\/index.php\/palvelut\/","title":{"rendered":"Palvelumme"},"content":{"rendered":"\n<div class=\"wp-block-group alignfull has-accent-background-color has-background\" style=\"margin-top:0;margin-bottom:0;padding-top:var(--wp--preset--spacing--50);padding-right:var(--wp--preset--spacing--50);padding-bottom:var(--wp--preset--spacing--50);padding-left:var(--wp--preset--spacing--50)\"><div class=\"wp-block-group__inner-container is-layout-constrained wp-container-core-group-is-layout-2bafd31c wp-block-group-is-layout-constrained\">\n<div class=\"wp-block-columns alignwide is-layout-flex wp-container-core-columns-is-layout-4d397ad4 wp-block-columns-is-layout-flex\">\n<div class=\"wp-block-column is-vertically-aligned-stretch is-layout-flow wp-block-column-is-layout-flow\" style=\"flex-basis:50%\">\n<div class=\"wp-block-group is-vertical is-content-justification-stretch is-layout-flex wp-container-core-group-is-layout-d9786264 wp-block-group-is-layout-flex\" style=\"min-height:100%\">\n<h3 class=\"wp-block-heading\">Palvelumme yksityisille<\/h3>\n\n\n\n<ul class=\"wp-block-list\">\n<li>Tietokoneiden huollot ja korjaukset<\/li>\n\n\n\n<li>P\u00e4ivitykset<\/li>\n\n\n\n<li>Ohjelmistojen ja laitteiden asennukset<\/li>\n\n\n\n<li>Tietotekniikan kierr\u00e4tys tietoturvallisesti (puhelimet, tabletit, kannettavat, p\u00f6yt\u00e4koneet).<\/li>\n\n\n\n<li>ICT-tukipalvelut<\/li>\n\n\n\n<li>Massamuistien tuhoaminen<\/li>\n<\/ul>\n\n\n\n<h3 class=\"wp-block-heading\">Palvelumme yrityksille<\/h3>\n\n\n\n<ul class=\"wp-block-list\">\n<li>IT-tukipalvelut<\/li>\n\n\n\n<li>Laitehankinnat<\/li>\n\n\n\n<li>Toiminnanohjausj\u00e4rjestelmien hankintaprosessin konsultoinnit \/ m\u00e4\u00e4rittelyt.<\/li>\n<\/ul>\n\n\n\n<p><\/p>\n<\/div>\n<\/div>\n\n\n\n<div class=\"wp-block-column is-vertically-aligned-center is-layout-flow wp-block-column-is-layout-flow\" style=\"flex-basis:50%\">\n<figure class=\"wp-block-image size-full is-style-rounded\"><img loading=\"lazy\" decoding=\"async\" width=\"800\" height=\"533\" src=\"https:\/\/savondatakeskus.fi\/wp-content\/uploads\/2026\/01\/ChatGPT-Image-21.1.2026-klo-21.02.50.jpg\" alt=\"\" class=\"wp-image-33\" srcset=\"https:\/\/savondatakeskus.fi\/wp-content\/uploads\/2026\/01\/ChatGPT-Image-21.1.2026-klo-21.02.50.jpg 800w, https:\/\/savondatakeskus.fi\/wp-content\/uploads\/2026\/01\/ChatGPT-Image-21.1.2026-klo-21.02.50-300x200.jpg 300w, https:\/\/savondatakeskus.fi\/wp-content\/uploads\/2026\/01\/ChatGPT-Image-21.1.2026-klo-21.02.50-768x512.jpg 768w\" sizes=\"auto, (max-width: 800px) 100vw, 800px\" \/><\/figure>\n<\/div>\n<\/div>\n<\/div><\/div>\n","protected":false},"excerpt":{"rendered":"<p>Palvelumme yksityisille Palvelumme yrityksille<\/p>\n","protected":false},"author":1,"featured_media":33,"parent":0,"menu_order":0,"comment_status":"closed","ping_status":"closed","template":"","meta":{"footnotes":""},"class_list":["post-7","page","type-page","status-publish","has-post-thumbnail","hentry"],"_links":{"self":[{"href":"https:\/\/savondatakeskus.fi\/index.php\/wp-json\/wp\/v2\/pages\/7","targetHints":{"allow":["GET"]}}],"collection":[{"href":"https:\/\/savondatakeskus.fi\/index.php\/wp-json\/wp\/v2\/pages"}],"about":[{"href":"https:\/\/savondatakeskus.fi\/index.php\/wp-json\/wp\/v2\/types\/page"}],"author":[{"embeddable":true,"href":"https:\/\/savondatakeskus.fi\/index.php\/wp-json\/wp\/v2\/users\/1"}],"replies":[{"embeddable":true,"href":"https:\/\/savondatakeskus.fi\/index.php\/wp-json\/wp\/v2\/comments?post=7"}],"version-history":[{"count":16,"href":"https:\/\/savondatakeskus.fi\/index.php\/wp-json\/wp\/v2\/pages\/7\/revisions"}],"predecessor-version":[{"id":55,"href":"https:\/\/savondatakeskus.fi\/index.php\/wp-json\/wp\/v2\/pages\/7\/revisions\/55"}],"wp:featuredmedia":[{"embeddable":true,"href":"https:\/\/savondatakeskus.fi\/index.php\/wp-json\/wp\/v2\/media\/33"}],"wp:attachment":[{"href":"https:\/\/savondatakeskus.fi\/index.php\/wp-json\/wp\/v2\/media?parent=7"}],"curies":[{"name":"wp","href":"https:\/\/api.w.org\/{rel}","templated":true}]}}